factor of c and s?
14
Suppose -7*t - 3*t = -2820. Suppose -12 = 4*g, 3*c - 2*g - 81 = t. Calculate the highest common factor of c and 7.
7
Let j = -91 - -153. Let i be 1*-2*(-527)/j. Calculate the highest common divisor of i and 1.
1
Let c be 12/(((-1)/4)/((-1)/(-4))). Let t(n) = n**3 + 12*n**2 + 20. Let s be t(c). Let h = 15 + -10. Calculate the highest common factor of h and s.
5
Let u be (-4)/(-2)*(-6)/(-4). Let j(x) = x - 1. Let v be j(2). Let m(f) = f**3 + 2*f - 1. Let k be m(v). What is the greatest common divisor of k and u?
1
Let x be -10*(2 + 14/(-4)). Let o = 22 + -18. Suppose 3*l = o*m + 5, -8 = -3*l - l + 4*m. Calculate the greatest common divisor of l and x.
3
Let v = -20 + 36. Let t = 8784 + -8768. Calculate the highest common divisor of v and t.
16
Let p = 139 + 341. Calculate the greatest common factor of 10 and p.
10
Let z = 178 + -94. Suppose 119*p + z = 122*p. Suppose 4*t = -t + 350. Calculate the highest common factor of t and p.
14
Let p = 6 + 11. Calculate the greatest common factor of p and 153.
17
Suppose -530 = -4*k - 5*m + 130, k + m = 165. What is the highest common divisor of k and 55?
55
Suppose 0 = -12*v + 48. What is the highest common divisor of 44 and v?
4
Let v = -155 + 162. What is the greatest common divisor of 56 and v?
7
Suppose 72*h - 76*h + 468 = 0. Calculate the highest common factor of h and 153.
9
Suppose -359 = -2*q + 1123. What is the greatest common divisor of q and 19?
19
Let z be ((-28)/(-6))/((-4)/(-42)). Suppose 0 = 5*x + 171 - 906. Calculate the highest common divisor of z and x.
49
Suppose 0 = -18*n + 23*n + 50. Let w be 96/n*(-200)/12. What is the greatest common divisor of 64 and w?
32
Let p be -5*5/50*-158. Calculate the highest common divisor of p and 79.
79
Suppose 1 - 6 = -5*x. Let c be (2 - -1) + (-27)/x. Let l = -8 - c. Calculate the highest common factor of l and 8.
8
Suppose 3*m + 5*i + 169 - 807 = 0, 0 = -5*m - i + 1078. Let v be 9*(-1)/(3/(-9)). Calculate the highest common factor of v and m.
27
Let h be -6 + 7 + 20/(-2). Let d be (-3)/h - 14/(-3). Suppose 147 = 3*a - 3*z, -5*z = -4*a - 0*z + 200. Calculate the highest common factor of d and a.
5
Let b(c) = -c**3 - 16*c**2 + 5. Let y(p) = -3*p + 11. Let s be y(9). Let k be b(s). What is the highest common factor of k and 40?
5
Let o(f) = -3*f**2 + 14*f - 4. Let c(r) = r**2 - r. Let x(u) = 6*c(u) + o(u). Let z be x(4). Calculate the highest common divisor of 19 and z.
19
Let i(l) = -l**3 - 24*l**2 + 25*l + 5. Let x be i(-25). Let u be -2 - (-2 - 0)/((-2)/(-12)). Calculate the greatest common factor of x and u.
5
Suppose 3 = 7*t - 6*t. Suppose -t*q + 16 = 7. Suppose 0 = -d - d + 2, -q*z + 5*d = -235. Calculate the highest common divisor of 8 and z.
8
Suppose 15798 = 32*i - 3338. What is the highest common divisor of 52 and i?
26
Let z(w) = w**2 - 8*w + 10. Let u be z(7). Suppose 8*h - u*h = 25. Let v be (-2)/h + (-5220)/(-50). What is the greatest common divisor of v and 13?
13
Suppose -9*d + 74 = -52. Calculate the greatest common divisor of d and 70.
14
Let o be 2/5 - 9/(-15). Let w be (-18)/198 + 111/11 + 0. Calculate the highest common divisor of w and o.
1
Let w be -2 + 2 + -1 - -6. Suppose -3*o - 8 = -5*m, 2*m - 1 = w*o - 13. Suppose x = m*x - 54. What is the highest common factor of 72 and x?
18
Let c be 4*(0 + -1) + 43. Suppose -4*l + 32 = -4*f + 6*f, -4*f = 3*l - c. What is the greatest common divisor of f and 2?
2
Let z = 75 - 53. Suppose -g = 3*r - 6, 2*g + 0*g + 4*r = 12. Suppose 0 = b + 3*w - 54, -5*b + g*w = 4*w - 338. Calculate the greatest common divisor of z and b.
22
Suppose -38*k + 3660 = 22*k. What is the highest common divisor of k and 1159?
61
Let x be ((-10)/2)/((-1)/(-6)). Let z be (-18)/x - (-4)/10. Let s(d) = d + 4. Let h be s(-3). Calculate the greatest common factor of h and z.
1
Let x = 280 + -190. Let h(z) = -33*z - 155. Let j be h(-5). What is the greatest common factor of x and j?
10
Let n(u) = -u**3 - u + 16. Let q be n(0). Let r(v) = -2*v - 5. Let m be r(-6). Let d = m + 1. Calculate the greatest common divisor of q and d.
8
Let d = -2156 - -3173. What is the greatest common divisor of 9 and d?
9
Suppose -91*l - 208 = -107*l. What is the highest common divisor of 949 and l?
13
Suppose -4*u + 32 = 4*a - 96, 0 = -2*a + 2*u + 68. Let w be (82/(-4) + -11)*(-24)/14. Let c = w - a. Calculate the greatest common factor of 189 and c.
21
Suppose 0 = -z + 33 + 39. What is the highest common divisor of 48 and z?
24
Let y(z) = 23*z - 9. Let r be y(3). Suppose 7*o - 4*o + 21 = 0. Let h = 17 + o. Calculate the highest common factor of h and r.
10
Let f(r) = -r**3 + 2*r**2 + 5*r - 2. Let d be f(3). Let k be d - 2 - (-3 + 13). Let u = k + 19. What is the greatest common factor of 44 and u?
11
Suppose 2*d - 4*d + 26 = -4*c, -d = -5*c - 4. Suppose 0*g + d = g. Calculate the greatest common divisor of 57 and g.
19
Suppose 0*a = -5*f - 5*a + 100, -4*a = -5*f + 118. Calculate the highest common factor of f and 902.
22
Suppose 0 = -52*a + 9841 + 923. What is the highest common factor of a and 138?
69
Let g(b) = 2*b**2 - 80*b + 15. Let f be g(40). Suppose 0 = -4*x + 4 + 8. What is the highest common divisor of x and f?
3
Suppose -t = 3*t - 20. Suppose 0 = -5*q + 1159*k - 1156*k + 56, -2*q + 22 = -k. Calculate the greatest common divisor of t and q.
5
Let o be 84/10*45/2. What is the greatest common factor of 81 and o?
27
Let t(y) = -26 + 0*y + 2*y + 76 + y. Let i be t(-10). What is the highest common divisor of i and 80?
20
Suppose 3*z - 1 = 2*r, 4*r - 13 + 40 = z. Let x = -10 - r. Let c = x + 8. Calculate the greatest common factor of c and 6.
6
Let m be (-2 - 292/(-14))/(116/3654). Calculate the greatest common divisor of 44 and m.
22
Let w = 618 - 887. Let p = w + 381. Suppose -13*j = -15*j + p. Calculate the greatest common divisor of 8 and j.
8
Let l(c) = c**3 + 6*c**2 - 11*c - 13. Let g be l(-7). Suppose 0 = 5*d - 2*d - g. Calculate the greatest common divisor of d and 2.
1
Let q(b) = 40*b**3 + b**2 - 10*b + 6. Let w be q(2). Calculate the greatest common divisor of w and 30.
10
Let t = 22 + -19. Let s be 0 + (4/t)/((-2)/(-6)). Calculate the greatest common divisor of s and 24.
4
Let s be -2 + 274*1/2. Let b = s - 27. Suppose 40 - b = -4*o. What is the highest common divisor of 119 and o?
17
Suppose 0 = 6*p - 4*p + 2, v = -2*p. What is the highest common factor of v and 6?
2
Suppose h = 35 - 11. Suppose 23*w = h*w - 32. Calculate the greatest common divisor of 8 and w.
8
Let j = -35 + 35. Suppose 25*t - 26*t + 8 = j. Calculate the greatest common factor of t and 72.
8
Let b be 1/3*-8*(-414)/184. Let x be (2/3)/((-1)/3). Let j = b + x. Calculate the highest common factor of j and 6.
2
Let u be (-70)/4*4/5. Let y be u*1/(-2)*2. Suppose -189 = 88*m - 1421. What is the highest common factor of y and m?
14
Let m(q) = -q**2 - 2*q + 36. Suppose -r - 3 = -5*z, -3*z - r = 2*z + 3. Let d be m(z). Calculate the highest common divisor of 4 and d.
4
Suppose -4*s - 111 = -4*r + 513, 3*s + 12 = 0. Let c be (2 + -2 - -1) + 18. What is the greatest common factor of c and r?
19
Let y = 230 + -219. What is the greatest common factor of y and 11?
11
Let h be (-18)/14 - (-4 + (-130)/(-35)). Let z be (h - -2) + (2 - 2). What is the greatest common divisor of 2 and z?
1
Suppose 80 = 5*a - 18*p + 23*p, 0 = 4*a + 5*p - 64. Calculate the highest common factor of a and 124.
4
Let l = 58 + -56. Suppose -2*f - x = -7, -3*f + x = l*f. Calculate the highest common factor of 4 and f.
1
Let r(d) = -d**3 + 7*d**2 - 3*d + 2. Let g be r(-4). Suppose -o - 4*o = -g. Calculate the highest common factor of o and 57.
19
Suppose -8*o + 4*o - z + 16 = 0, 20 = 5*o - 3*z. Let q = 19 - o. What is the highest common divisor of q and 60?
15
Suppose -5*w + 61 = -3*d + 10, -w + 7 = d. Let q = -3 + 6. Let i be 60 - 5/((-5)/q). What is the greatest common divisor of w and i?
9
Let k be (-11143)/(-55) + 1*(-4)/(-10). Calculate the highest common divisor of 7 and k.
7
Let a(x) = x**3 - 7*x**2 + 3*x - 9. Let d be a(6). Let w = 43 + d. Suppose 71*n = 434 - 361 + 211. What is the highest common divisor of n and w?
4
Suppose -9988 = 15*k - 24508. What is the highest common divisor of 88 and k?
88
Let g(m) = 4*m + 22. Let u be g(-5). Let t be 5/1 - (-4)/u. What is the 